{"id":34,"date":"2025-07-15T23:31:31","date_gmt":"2025-07-15T21:31:31","guid":{"rendered":"https:\/\/fundacjazaopiekowani.com\/?page_id=34"},"modified":"2026-03-18T23:39:00","modified_gmt":"2026-03-18T22:39:00","slug":"34-2","status":"publish","type":"page","link":"https:\/\/fundacjazaopiekowani.com\/?page_id=34","title":{"rendered":"Nasze projekty"},"content":{"rendered":"\n<p>Rok 2026 \u2013 projekty w trakcie realizacji<br>W 2026 roku Fundacja kontynuuje realizacj\u0119 trzyletniego projektu (2025\u20132027):<br>O\u015brodek Wsparcia \u2013 (ZA)OPIEKOWANI, realizowanego jako zadanie publiczne<br>\u201eO\u015brodki wsparcia szans\u0105 dla dzieci i m\u0142odzie\u017cy z zaburzeniami psychicznymi\u201d,<br>dofinansowanego ze \u015brodk\u00f3w Samorz\u0105du Wojew\u00f3dztwa Mazowieckiego.<br>W ramach projektu prowadzone s\u0105:<br>&#8211; psychoterapia,<br>&#8211; konsultacje psychologiczne,<br>&#8211; zaj\u0119cia sportowo-aktywizuj\u0105ce,<br>&#8211; grupy mindfulness,<br>&#8211; Program Wzmacniania Rodziny PWR 10\u201314,<br>&#8211; grupy socjoterapeutyczne,<br>&#8211; zaj\u0119cia \u201ealternatywne sposoby sp\u0119dzania wsp\u00f3lnego czasu\u201d,<br>&#8211; grupy wsparcia dla rodzic\u00f3w.<br>W 2026 roku Fundacja uzyska\u0142a r\u00f3wnie\u017c dofinansowanie z bud\u017cetu Miasta Siedlce na<br>realizacj\u0119 projektu:<br>\u201eWczesna diagnoza \u2013 realna profilaktyka i redukcja szk\u00f3d 26\u201d.<br>W ramach projektu realizowane s\u0105:<br>&#8211; diagnozy funkcjonowania psychofizycznego dzieci przebywaj\u0105cych pod opiek\u0105<br>MOPR w Siedlcach,<br>w tym dzieci z pieczy zast\u0119pczej oraz podopiecznych O\u015brodka Interwencji<br>Kryzysowej.<\/p>\n\n\n\n<p>Rok 2025 \u2013 projekty i dzia\u0142ania<\/p>\n\n\n\n<p>Projekty finansowane ze \u015brodk\u00f3w Miasta Siedlce<br>W ramach konkursu\u00a0\u201ePrzeciwdzia\u0142anie uzale\u017cnieniom i patologiom spo\u0142ecznym\u201d\u00a0Fundacja<br>zrealizowa\u0142a projekt:<br>\u201eAkcja Aktywizacja 25\u201d, w ramach kt\u00f3rego przeprowadzono:<br>&#8211; diagnoz\u0119 psychofizyczn\u0105 59 dzieci przebywaj\u0105cych w pieczy zast\u0119pczej MOPR w<br>Siedlcach,<br>&#8211; warsztaty psychoedukacyjne w szkole rodzenia,<br>&#8211; szkolenie dla specjalist\u00f3w szkolnych i nauczycieli przedmiotowych z zakresu<br>zachowa\u0144 trudnych uczni\u00f3w,<br>&#8211; zaj\u0119cia socjoterapeutyczne,<br>&#8211; zaj\u0119cia dla rodzic\u00f3w z dzie\u0107mi w wieku przedszkolnym: \u201ealternatywne sposoby<br>sp\u0119dzania wsp\u00f3lnego czasu\u201d,<br>&#8211; zaj\u0119cia dla rodzin z dzie\u0107mi,<br>&#8211; szkolenie specjalist\u00f3w z rekomendowanego programu profilaktycznego<\/p>\n\n\n\n<p>Program Wzmacniania Rodziny (10\u201314)\u00a0\u2013 wdro\u017cenie programu na rynku<br>siedleckim,<br>&#8211; zaj\u0119cia psychoedukacyjne w szko\u0142ach ponadpodstawowych w Siedlcach.<br>W ramach konkursu\u00a0\u201ePrzeciwdzia\u0142anie uzale\u017cnieniom i patologiom spo\u0142ecznym \u2013<br>NARKOTYKI\u201d<br>Fundacja zrealizowa\u0142a projekt:<br>\u201eAkcja Aktywizacja 01\u201d, obejmuj\u0105cy:<br>&#8211; szkolenie specjalist\u00f3w z Programu Wzmacniania Rodziny 10\u201314,<br>&#8211; zaj\u0119cia socjoterapeutyczne,<br>&#8211; warsztaty psychoedukacyjne dla uczni\u00f3w szk\u00f3\u0142 ponadpodstawowych w Siedlcach.<\/p>\n\n\n\n<p>Projekt d\u0142ugoterminowy (2025\u20132027)<\/p>\n\n\n\n<p>W 2025 roku Fundacja rozpocz\u0119\u0142a realizacj\u0119 projektu:<br>O\u015brodek Wsparcia \u2013 (ZA)OPIEKOWANI,<br>w ramach kt\u00f3rego prowadzone s\u0105:<br>&#8211; psychoterapia,<br>&#8211; konsultacje psychologiczne,<br>&#8211; zaj\u0119cia sportowo-aktywizuj\u0105ce,<br>&#8211; grupy mindfulness,<br>&#8211; Program Wzmacniania Rodziny PWR 10\u201314,<br>&#8211; grupy socjoterapeutyczne,<br>&#8211; zaj\u0119cia \u201ealternatywne sposoby sp\u0119dzania wsp\u00f3lnego czasu\u201d,<br>&#8211; grupy wsparcia dla rodzic\u00f3w.<br>W 2025 roku z oferty Fundacji skorzysta\u0142o\u00a0200 uczestnik\u00f3w.<\/p>\n\n\n\n<p>Projekty finansowane ze \u015brodk\u00f3w Samorz\u0105du Wojew\u00f3dztwa Mazowieckiego<br>Fundacja uzyska\u0142a dofinansowanie na realizacj\u0119 dw\u00f3ch projekt\u00f3w:<\/p>\n\n\n\n<ol class=\"wp-block-list\">\n<li>\u201eWra\u017cliwi na emocje, otwarci na dialog \u2013 wsparcie opiekun\u00f3w z pieczy zast\u0119pczej\u201d<br>W ramach projektu zrealizowano:<br>&#8211; warsztaty dla opiekun\u00f3w zast\u0119pczych: \u201eWystarczaj\u0105co dobre rodzicielstwo\u201d,<br>&#8211; warsztaty \u201eJ\u0119zyk szacunku\u201d dla opiekun\u00f3w wraz z dzie\u0107mi.<\/li>\n\n\n\n<li>\u201eWsparcie dzieci z rodzin zast\u0119pczych\u201d<br>W ramach projektu zrealizowano:<br>&#8211; doradztwo zawodowe dla podopiecznych MOPR w Siedlcach,<br>&#8211; warsztaty \u201eJ\u0119zyk szacunku\u201d,<br>&#8211; warsztaty r\u0119kodzie\u0142a artystycznego.<\/li>\n<\/ol>\n\n\n\n<p>\u0141\u0105cznie w obu projektach wsparciem obj\u0119to&nbsp;40 os\u00f3b.<\/p>\n\n\n\n<p>Rok 2024 \u2013 dzia\u0142ania i projekty<br>W 2024 roku Fundacja zrealizowa\u0142a nast\u0119puj\u0105ce dzia\u0142ania:<br>&#8211; warsztaty dla Zespo\u0142u Szk\u00f3\u0142 Ponadgimnazjalnych nr 3 im. Stanis\u0142awa Staszica w<br>Siedlcach<br>w tematyce\u00a0\u201eWewn\u0119trzny Krytyk\u201d, w ramach tygodnia zdrowia psychicznego,<br>&#8211; udzia\u0142 w spotkaniach spo\u0142ecznych\u00a0\u201eHerbatka w urz\u0119dzie\u201d\u00a0w Urz\u0119dzie Miasta<br>Siedlce.<br>Projekt \u201eeMOCje w rodzinie\u201d (09.2024 \u2013 12.2024)<br>Zadanie publiczne finansowane z bud\u017cetu Miasta Siedlce.<br>W ramach projektu przeprowadzono:<br>&#8211; warsztaty psychoedukacyjne dla rodzic\u00f3w w szkole rodzenia<br>\u201eJak budowa\u0107 z dzieckiem bezpieczn\u0105 wi\u0119\u017a\u201d \u2013 dla ponad 80 uczestnik\u00f3w,<br>&#8211; warsztaty dla rodzic\u00f3w i opiekun\u00f3w dzieci do 1 roku \u017cycia<br>\u201eJak budowa\u0107 z dzieckiem bezpieczn\u0105 wi\u0119\u017a\u201d \u2013 dla 70 uczestnik\u00f3w,<br>&#8211; grup\u0119 warsztatow\u0105 dla rodzic\u00f3w i opiekun\u00f3w<br>\u201eJak budowa\u0107 wspieraj\u0105c\u0105 relacj\u0119 z dzieckiem\u201d \u2013 dla 20 uczestnik\u00f3w,<br>&#8211; projekt\u00a0\u201eProfilaktyka przemocy \u2013 j\u0119zyk szacunku w szkole\u201d, obejmuj\u0105cy:<br>o warsztaty dla nauczycieli szk\u00f3\u0142 ponadpodstawowych,<br>o przekazanie pakiet\u00f3w materia\u0142\u00f3w edukacyjnych do\u00a011 szk\u00f3\u0142,<br>&#8211; warsztaty \u201ealternatywne sposoby sp\u0119dzania wolnego czasu\u201d<br>dla rodzic\u00f3w z dzie\u0107mi \u2013 dla 10 uczestnik\u00f3w.<\/p>\n\n\n\n<p><\/p>\n\n\n\n<p><\/p>\n\n\n\n<p><\/p>\n\n\n\n<p><\/p>\n\n\n\n<p><\/p>\n\n\n\n<div class=\"wp-block-group alignwide has-global-padding is-layout-constrained wp-block-group-is-layout-constrained\">\n<p><\/p>\n<\/div>\n\n\n\n<div class=\"wp-block-group alignfull has-global-padding is-layout-constrained wp-container-core-group-is-layout-b25ccd55 wp-block-group-is-layout-constrained\" style=\"margin-top:0;margin-bottom:0;padding-top:var(--wp--preset--spacing--50);padding-right:var(--wp--preset--spacing--50);padding-bottom:var(--wp--preset--spacing--50);padding-left:var(--wp--preset--spacing--50)\">\n<div class=\"wp-block-columns alignwide is-layout-flex wp-container-core-columns-is-layout-ff4b9c61 wp-block-columns-is-layout-flex\" style=\"margin-top:0;margin-bottom:0\">\n<div class=\"wp-block-column is-layout-flow wp-container-core-column-is-layout-8a368f38 wp-block-column-is-layout-flow\">\n\n\n<div style=\"height:var(--wp--preset--spacing--50)\" aria-hidden=\"true\" class=\"wp-block-spacer\"><\/div>\n\n\n\n\n\n<div style=\"height:var(--wp--preset--spacing--50)\" aria-hidden=\"true\" class=\"wp-block-spacer\"><\/div>\n\n\n<\/div>\n\n\n\n<div class=\"wp-block-column is-layout-flow wp-container-core-column-is-layout-8a368f38 wp-block-column-is-layout-flow\">\n<div style=\"height:var(--wp--preset--spacing--50)\" aria-hidden=\"true\" class=\"wp-block-spacer\"><\/div>\n\n\n\n\n\n<div style=\"height:var(--wp--preset--spacing--50)\" aria-hidden=\"true\" class=\"wp-block-spacer\"><\/div>\n\n\n\n\n\n<div style=\"height:var(--wp--preset--spacing--50)\" aria-hidden=\"true\" class=\"wp-block-spacer\"><\/div>\n\n\n<\/div>\n\n\n\n<div class=\"wp-block-column is-layout-flow wp-container-core-column-is-layout-8a368f38 wp-block-column-is-layout-flow\">\n\n\n<div style=\"height:var(--wp--preset--spacing--50)\" aria-hidden=\"true\" class=\"wp-block-spacer\"><\/div>\n\n\n\n\n\n<div style=\"height:var(--wp--preset--spacing--50)\" aria-hidden=\"true\" class=\"wp-block-spacer\"><\/div>\n\n\n<\/div>\n\n\n\n<div class=\"wp-block-column is-layout-flow wp-container-core-column-is-layout-8a368f38 wp-block-column-is-layout-flow\">\n<div style=\"height:var(--wp--preset--spacing--50)\" aria-hidden=\"true\" class=\"wp-block-spacer\"><\/div>\n\n\n\n\n\n<div style=\"height:var(--wp--preset--spacing--50)\" aria-hidden=\"true\" class=\"wp-block-spacer\"><\/div>\n\n\n\n\n\n<div style=\"height:var(--wp--preset--spacing--50)\" aria-hidden=\"true\" class=\"wp-block-spacer\"><\/div>\n\n\n<\/div>\n<\/div>\n<\/div>\n","protected":false},"excerpt":{"rendered":"<p>Rok 2026 \u2013 projekty w trakcie realizacjiW 2026 roku Fundacja kontynuuje realizacj\u0119 trzyletniego projektu (2025\u20132027):O\u015brodek Wsparcia \u2013 (ZA)OPIEKOWANI, realizowanego jako zadanie publiczne\u201eO\u015brodki wsparcia szans\u0105 dla dzieci i m\u0142odzie\u017cy z zaburzeniami psychicznymi\u201d,dofinansowanego ze \u015brodk\u00f3w Samorz\u0105du Wojew\u00f3dztwa Mazowieckiego.W ramach projektu prowadzone s\u0105:&#8211; psychoterapia,&#8211; konsultacje psychologiczne,&#8211; zaj\u0119cia sportowo-aktywizuj\u0105ce,&#8211; grupy mindfulness,&#8211; Program Wzmacniania Rodziny PWR 10\u201314,&#8211; grupy socjoterapeutyczne,&#8211; zaj\u0119cia [&hellip;]<\/p>\n","protected":false},"author":1,"featured_media":0,"parent":0,"menu_order":0,"comment_status":"closed","ping_status":"closed","template":"","meta":{"footnotes":""},"class_list":["post-34","page","type-page","status-publish","hentry"],"yoast_head":"<!-- This site is optimized with the Yoast SEO plugin v25.4 - https:\/\/yoast.com\/wordpress\/plugins\/seo\/ -->\n<title>Nasze projekty -<\/title>\n<meta name=\"robots\" content=\"index, follow, max-snippet:-1, max-image-preview:large, max-video-preview:-1\" \/>\n<link rel=\"canonical\" href=\"https:\/\/fundacjazaopiekowani.com\/?page_id=34\" \/>\n<meta property=\"og:locale\" content=\"pl_PL\" \/>\n<meta property=\"og:type\" content=\"article\" \/>\n<meta property=\"og:title\" content=\"Nasze projekty -\" \/>\n<meta property=\"og:description\" content=\"Rok 2026 \u2013 projekty w trakcie realizacjiW 2026 roku Fundacja kontynuuje realizacj\u0119 trzyletniego projektu (2025\u20132027):O\u015brodek Wsparcia \u2013 (ZA)OPIEKOWANI, realizowanego jako zadanie publiczne\u201eO\u015brodki wsparcia szans\u0105 dla dzieci i m\u0142odzie\u017cy z zaburzeniami psychicznymi\u201d,dofinansowanego ze \u015brodk\u00f3w Samorz\u0105du Wojew\u00f3dztwa Mazowieckiego.W ramach projektu prowadzone s\u0105:&#8211; psychoterapia,&#8211; konsultacje psychologiczne,&#8211; zaj\u0119cia sportowo-aktywizuj\u0105ce,&#8211; grupy mindfulness,&#8211; Program Wzmacniania Rodziny PWR 10\u201314,&#8211; grupy socjoterapeutyczne,&#8211; zaj\u0119cia [&hellip;]\" \/>\n<meta property=\"og:url\" content=\"https:\/\/fundacjazaopiekowani.com\/?page_id=34\" \/>\n<meta property=\"article:modified_time\" content=\"2026-03-18T22:39:00+00:00\" \/>\n<meta name=\"twitter:card\" content=\"summary_large_image\" \/>\n<meta name=\"twitter:label1\" content=\"Szacowany czas czytania\" \/>\n\t<meta name=\"twitter:data1\" content=\"6 minut\" \/>\n<script type=\"application\/ld+json\" class=\"yoast-schema-graph\">{\"@context\":\"https:\/\/schema.org\",\"@graph\":[{\"@type\":\"WebPage\",\"@id\":\"https:\/\/fundacjazaopiekowani.com\/?page_id=34\",\"url\":\"https:\/\/fundacjazaopiekowani.com\/?page_id=34\",\"name\":\"Nasze projekty -\",\"isPartOf\":{\"@id\":\"https:\/\/fundacjazaopiekowani.com\/#website\"},\"datePublished\":\"2025-07-15T21:31:31+00:00\",\"dateModified\":\"2026-03-18T22:39:00+00:00\",\"breadcrumb\":{\"@id\":\"https:\/\/fundacjazaopiekowani.com\/?page_id=34#breadcrumb\"},\"inLanguage\":\"pl-PL\",\"potentialAction\":[{\"@type\":\"ReadAction\",\"target\":[\"https:\/\/fundacjazaopiekowani.com\/?page_id=34\"]}]},{\"@type\":\"BreadcrumbList\",\"@id\":\"https:\/\/fundacjazaopiekowani.com\/?page_id=34#breadcrumb\",\"itemListElement\":[{\"@type\":\"ListItem\",\"position\":1,\"name\":\"Home\",\"item\":\"https:\/\/fundacjazaopiekowani.com\/\"},{\"@type\":\"ListItem\",\"position\":2,\"name\":\"Nasze projekty\"}]},{\"@type\":\"WebSite\",\"@id\":\"https:\/\/fundacjazaopiekowani.com\/#website\",\"url\":\"https:\/\/fundacjazaopiekowani.com\/\",\"name\":\"\",\"description\":\"\",\"potentialAction\":[{\"@type\":\"SearchAction\",\"target\":{\"@type\":\"EntryPoint\",\"urlTemplate\":\"https:\/\/fundacjazaopiekowani.com\/?s={search_term_string}\"},\"query-input\":{\"@type\":\"PropertyValueSpecification\",\"valueRequired\":true,\"valueName\":\"search_term_string\"}}],\"inLanguage\":\"pl-PL\"}]}<\/script>\n<!-- \/ Yoast SEO plugin. -->","yoast_head_json":{"title":"Nasze projekty -","robots":{"index":"index","follow":"follow","max-snippet":"max-snippet:-1","max-image-preview":"max-image-preview:large","max-video-preview":"max-video-preview:-1"},"canonical":"https:\/\/fundacjazaopiekowani.com\/?page_id=34","og_locale":"pl_PL","og_type":"article","og_title":"Nasze projekty -","og_description":"Rok 2026 \u2013 projekty w trakcie realizacjiW 2026 roku Fundacja kontynuuje realizacj\u0119 trzyletniego projektu (2025\u20132027):O\u015brodek Wsparcia \u2013 (ZA)OPIEKOWANI, realizowanego jako zadanie publiczne\u201eO\u015brodki wsparcia szans\u0105 dla dzieci i m\u0142odzie\u017cy z zaburzeniami psychicznymi\u201d,dofinansowanego ze \u015brodk\u00f3w Samorz\u0105du Wojew\u00f3dztwa Mazowieckiego.W ramach projektu prowadzone s\u0105:&#8211; psychoterapia,&#8211; konsultacje psychologiczne,&#8211; zaj\u0119cia sportowo-aktywizuj\u0105ce,&#8211; grupy mindfulness,&#8211; Program Wzmacniania Rodziny PWR 10\u201314,&#8211; grupy socjoterapeutyczne,&#8211; zaj\u0119cia [&hellip;]","og_url":"https:\/\/fundacjazaopiekowani.com\/?page_id=34","article_modified_time":"2026-03-18T22:39:00+00:00","twitter_card":"summary_large_image","twitter_misc":{"Szacowany czas czytania":"6 minut"},"schema":{"@context":"https:\/\/schema.org","@graph":[{"@type":"WebPage","@id":"https:\/\/fundacjazaopiekowani.com\/?page_id=34","url":"https:\/\/fundacjazaopiekowani.com\/?page_id=34","name":"Nasze projekty -","isPartOf":{"@id":"https:\/\/fundacjazaopiekowani.com\/#website"},"datePublished":"2025-07-15T21:31:31+00:00","dateModified":"2026-03-18T22:39:00+00:00","breadcrumb":{"@id":"https:\/\/fundacjazaopiekowani.com\/?page_id=34#breadcrumb"},"inLanguage":"pl-PL","potentialAction":[{"@type":"ReadAction","target":["https:\/\/fundacjazaopiekowani.com\/?page_id=34"]}]},{"@type":"BreadcrumbList","@id":"https:\/\/fundacjazaopiekowani.com\/?page_id=34#breadcrumb","itemListElement":[{"@type":"ListItem","position":1,"name":"Home","item":"https:\/\/fundacjazaopiekowani.com\/"},{"@type":"ListItem","position":2,"name":"Nasze projekty"}]},{"@type":"WebSite","@id":"https:\/\/fundacjazaopiekowani.com\/#website","url":"https:\/\/fundacjazaopiekowani.com\/","name":"","description":"","potentialAction":[{"@type":"SearchAction","target":{"@type":"EntryPoint","urlTemplate":"https:\/\/fundacjazaopiekowani.com\/?s={search_term_string}"},"query-input":{"@type":"PropertyValueSpecification","valueRequired":true,"valueName":"search_term_string"}}],"inLanguage":"pl-PL"}]}},"_links":{"self":[{"href":"https:\/\/fundacjazaopiekowani.com\/index.php?rest_route=\/wp\/v2\/pages\/34","targetHints":{"allow":["GET"]}}],"collection":[{"href":"https:\/\/fundacjazaopiekowani.com\/index.php?rest_route=\/wp\/v2\/pages"}],"about":[{"href":"https:\/\/fundacjazaopiekowani.com\/index.php?rest_route=\/wp\/v2\/types\/page"}],"author":[{"embeddable":true,"href":"https:\/\/fundacjazaopiekowani.com\/index.php?rest_route=\/wp\/v2\/users\/1"}],"replies":[{"embeddable":true,"href":"https:\/\/fundacjazaopiekowani.com\/index.php?rest_route=%2Fwp%2Fv2%2Fcomments&post=34"}],"version-history":[{"count":8,"href":"https:\/\/fundacjazaopiekowani.com\/index.php?rest_route=\/wp\/v2\/pages\/34\/revisions"}],"predecessor-version":[{"id":170,"href":"https:\/\/fundacjazaopiekowani.com\/index.php?rest_route=\/wp\/v2\/pages\/34\/revisions\/170"}],"wp:attachment":[{"href":"https:\/\/fundacjazaopiekowani.com\/index.php?rest_route=%2Fwp%2Fv2%2Fmedia&parent=34"}],"curies":[{"name":"wp","href":"https:\/\/api.w.org\/{rel}","templated":true}]}}