{"id":154,"date":"2026-03-18T22:26:51","date_gmt":"2026-03-18T21:26:51","guid":{"rendered":"https:\/\/fundacjazaopiekowani.com\/?page_id=154"},"modified":"2026-03-18T22:26:53","modified_gmt":"2026-03-18T21:26:53","slug":"wesprzyj-nas","status":"publish","type":"page","link":"https:\/\/fundacjazaopiekowani.com\/?page_id=154","title":{"rendered":"Wesprzyj Nas"},"content":{"rendered":"\n<p>Nasza fundacja dzia\u0142a tam, gdzie pomoc jest naprawd\u0119 potrzebna. Wspieramy osoby w trudnej sytuacji \u017cyciowej, pomagamy dzieciom rozwija\u0107 skrzyd\u0142a i dajemy nadziej\u0119 tym, kt\u00f3rzy cz\u0119sto j\u0105 trac\u0105. Ka\u017cda inicjatywa, ka\u017cde dzia\u0142anie i ka\u017cda historia, kt\u00f3r\u0105 wsp\u00f3\u0142tworzymy, zaczyna si\u0119 od ludzi takich jak Ty.<\/p>\n\n\n\n<p>Twoje wsparcie ma realn\u0105 moc. Nawet niewielka wp\u0142ata mo\u017ce zmieni\u0107 czyje\u015b \u017cycie.<\/p>\n\n\n\n<p>&nbsp;Razem mo\u017cemy zrobi\u0107 znacznie wi\u0119cej.<\/p>\n\n\n\n<p>Do\u0142\u0105cz do nas i sta\u0144 si\u0119 cz\u0119\u015bci\u0105 tej zmiany. Wesprzyj fundacj\u0119 i pom\u00f3\u017c nam budowa\u0107 lepsz\u0105 przysz\u0142o\u015b\u0107 \u2014 dla tych, kt\u00f3rzy najbardziej tego potrzebuj\u0105.<\/p>\n\n\n\n<p>Nasz nr. konta: <strong>81 1140 2004 0000 3302 8482 9267 <\/strong><\/p>\n","protected":false},"excerpt":{"rendered":"<p>Nasza fundacja dzia\u0142a tam, gdzie pomoc jest naprawd\u0119 potrzebna. Wspieramy osoby w trudnej sytuacji \u017cyciowej, pomagamy dzieciom rozwija\u0107 skrzyd\u0142a i dajemy nadziej\u0119 tym, kt\u00f3rzy cz\u0119sto j\u0105 trac\u0105. Ka\u017cda inicjatywa, ka\u017cde dzia\u0142anie i ka\u017cda historia, kt\u00f3r\u0105 wsp\u00f3\u0142tworzymy, zaczyna si\u0119 od ludzi takich jak Ty. Twoje wsparcie ma realn\u0105 moc. Nawet niewielka wp\u0142ata mo\u017ce zmieni\u0107 czyje\u015b \u017cycie. [&hellip;]<\/p>\n","protected":false},"author":1,"featured_media":11,"parent":0,"menu_order":0,"comment_status":"closed","ping_status":"closed","template":"","meta":{"footnotes":""},"class_list":["post-154","page","type-page","status-publish","has-post-thumbnail","hentry"],"yoast_head":"<!-- This site is optimized with the Yoast SEO plugin v25.4 - https:\/\/yoast.com\/wordpress\/plugins\/seo\/ -->\n<title>Wesprzyj Nas -<\/title>\n<meta name=\"robots\" content=\"index, follow, max-snippet:-1, max-image-preview:large, max-video-preview:-1\" \/>\n<link rel=\"canonical\" href=\"https:\/\/fundacjazaopiekowani.com\/?page_id=154\" \/>\n<meta property=\"og:locale\" content=\"pl_PL\" \/>\n<meta property=\"og:type\" content=\"article\" \/>\n<meta property=\"og:title\" content=\"Wesprzyj Nas -\" \/>\n<meta property=\"og:description\" content=\"Nasza fundacja dzia\u0142a tam, gdzie pomoc jest naprawd\u0119 potrzebna. Wspieramy osoby w trudnej sytuacji \u017cyciowej, pomagamy dzieciom rozwija\u0107 skrzyd\u0142a i dajemy nadziej\u0119 tym, kt\u00f3rzy cz\u0119sto j\u0105 trac\u0105. Ka\u017cda inicjatywa, ka\u017cde dzia\u0142anie i ka\u017cda historia, kt\u00f3r\u0105 wsp\u00f3\u0142tworzymy, zaczyna si\u0119 od ludzi takich jak Ty. Twoje wsparcie ma realn\u0105 moc. Nawet niewielka wp\u0142ata mo\u017ce zmieni\u0107 czyje\u015b \u017cycie. [&hellip;]\" \/>\n<meta property=\"og:url\" content=\"https:\/\/fundacjazaopiekowani.com\/?page_id=154\" \/>\n<meta property=\"article:modified_time\" content=\"2026-03-18T21:26:53+00:00\" \/>\n<meta property=\"og:image\" content=\"https:\/\/fundacjazaopiekowani.com\/wp-content\/uploads\/2025\/07\/zaaa.jpg\" \/>\n\t<meta property=\"og:image:width\" content=\"1792\" \/>\n\t<meta property=\"og:image:height\" content=\"1024\" \/>\n\t<meta property=\"og:image:type\" content=\"image\/jpeg\" \/>\n<meta name=\"twitter:card\" content=\"summary_large_image\" \/>\n<meta name=\"twitter:label1\" content=\"Szacowany czas czytania\" \/>\n\t<meta name=\"twitter:data1\" content=\"1 minuta\" \/>\n<script type=\"application\/ld+json\" class=\"yoast-schema-graph\">{\"@context\":\"https:\/\/schema.org\",\"@graph\":[{\"@type\":\"WebPage\",\"@id\":\"https:\/\/fundacjazaopiekowani.com\/?page_id=154\",\"url\":\"https:\/\/fundacjazaopiekowani.com\/?page_id=154\",\"name\":\"Wesprzyj Nas -\",\"isPartOf\":{\"@id\":\"https:\/\/fundacjazaopiekowani.com\/#website\"},\"primaryImageOfPage\":{\"@id\":\"https:\/\/fundacjazaopiekowani.com\/?page_id=154#primaryimage\"},\"image\":{\"@id\":\"https:\/\/fundacjazaopiekowani.com\/?page_id=154#primaryimage\"},\"thumbnailUrl\":\"https:\/\/fundacjazaopiekowani.com\/wp-content\/uploads\/2025\/07\/zaaa.jpg\",\"datePublished\":\"2026-03-18T21:26:51+00:00\",\"dateModified\":\"2026-03-18T21:26:53+00:00\",\"breadcrumb\":{\"@id\":\"https:\/\/fundacjazaopiekowani.com\/?page_id=154#breadcrumb\"},\"inLanguage\":\"pl-PL\",\"potentialAction\":[{\"@type\":\"ReadAction\",\"target\":[\"https:\/\/fundacjazaopiekowani.com\/?page_id=154\"]}]},{\"@type\":\"ImageObject\",\"inLanguage\":\"pl-PL\",\"@id\":\"https:\/\/fundacjazaopiekowani.com\/?page_id=154#primaryimage\",\"url\":\"https:\/\/fundacjazaopiekowani.com\/wp-content\/uploads\/2025\/07\/zaaa.jpg\",\"contentUrl\":\"https:\/\/fundacjazaopiekowani.com\/wp-content\/uploads\/2025\/07\/zaaa.jpg\",\"width\":1792,\"height\":1024},{\"@type\":\"BreadcrumbList\",\"@id\":\"https:\/\/fundacjazaopiekowani.com\/?page_id=154#breadcrumb\",\"itemListElement\":[{\"@type\":\"ListItem\",\"position\":1,\"name\":\"Home\",\"item\":\"https:\/\/fundacjazaopiekowani.com\/\"},{\"@type\":\"ListItem\",\"position\":2,\"name\":\"Wesprzyj Nas\"}]},{\"@type\":\"WebSite\",\"@id\":\"https:\/\/fundacjazaopiekowani.com\/#website\",\"url\":\"https:\/\/fundacjazaopiekowani.com\/\",\"name\":\"\",\"description\":\"\",\"potentialAction\":[{\"@type\":\"SearchAction\",\"target\":{\"@type\":\"EntryPoint\",\"urlTemplate\":\"https:\/\/fundacjazaopiekowani.com\/?s={search_term_string}\"},\"query-input\":{\"@type\":\"PropertyValueSpecification\",\"valueRequired\":true,\"valueName\":\"search_term_string\"}}],\"inLanguage\":\"pl-PL\"}]}<\/script>\n<!-- \/ Yoast SEO plugin. -->","yoast_head_json":{"title":"Wesprzyj Nas -","robots":{"index":"index","follow":"follow","max-snippet":"max-snippet:-1","max-image-preview":"max-image-preview:large","max-video-preview":"max-video-preview:-1"},"canonical":"https:\/\/fundacjazaopiekowani.com\/?page_id=154","og_locale":"pl_PL","og_type":"article","og_title":"Wesprzyj Nas -","og_description":"Nasza fundacja dzia\u0142a tam, gdzie pomoc jest naprawd\u0119 potrzebna. Wspieramy osoby w trudnej sytuacji \u017cyciowej, pomagamy dzieciom rozwija\u0107 skrzyd\u0142a i dajemy nadziej\u0119 tym, kt\u00f3rzy cz\u0119sto j\u0105 trac\u0105. Ka\u017cda inicjatywa, ka\u017cde dzia\u0142anie i ka\u017cda historia, kt\u00f3r\u0105 wsp\u00f3\u0142tworzymy, zaczyna si\u0119 od ludzi takich jak Ty. Twoje wsparcie ma realn\u0105 moc. Nawet niewielka wp\u0142ata mo\u017ce zmieni\u0107 czyje\u015b \u017cycie. [&hellip;]","og_url":"https:\/\/fundacjazaopiekowani.com\/?page_id=154","article_modified_time":"2026-03-18T21:26:53+00:00","og_image":[{"width":1792,"height":1024,"url":"https:\/\/fundacjazaopiekowani.com\/wp-content\/uploads\/2025\/07\/zaaa.jpg","type":"image\/jpeg"}],"twitter_card":"summary_large_image","twitter_misc":{"Szacowany czas czytania":"1 minuta"},"schema":{"@context":"https:\/\/schema.org","@graph":[{"@type":"WebPage","@id":"https:\/\/fundacjazaopiekowani.com\/?page_id=154","url":"https:\/\/fundacjazaopiekowani.com\/?page_id=154","name":"Wesprzyj Nas -","isPartOf":{"@id":"https:\/\/fundacjazaopiekowani.com\/#website"},"primaryImageOfPage":{"@id":"https:\/\/fundacjazaopiekowani.com\/?page_id=154#primaryimage"},"image":{"@id":"https:\/\/fundacjazaopiekowani.com\/?page_id=154#primaryimage"},"thumbnailUrl":"https:\/\/fundacjazaopiekowani.com\/wp-content\/uploads\/2025\/07\/zaaa.jpg","datePublished":"2026-03-18T21:26:51+00:00","dateModified":"2026-03-18T21:26:53+00:00","breadcrumb":{"@id":"https:\/\/fundacjazaopiekowani.com\/?page_id=154#breadcrumb"},"inLanguage":"pl-PL","potentialAction":[{"@type":"ReadAction","target":["https:\/\/fundacjazaopiekowani.com\/?page_id=154"]}]},{"@type":"ImageObject","inLanguage":"pl-PL","@id":"https:\/\/fundacjazaopiekowani.com\/?page_id=154#primaryimage","url":"https:\/\/fundacjazaopiekowani.com\/wp-content\/uploads\/2025\/07\/zaaa.jpg","contentUrl":"https:\/\/fundacjazaopiekowani.com\/wp-content\/uploads\/2025\/07\/zaaa.jpg","width":1792,"height":1024},{"@type":"BreadcrumbList","@id":"https:\/\/fundacjazaopiekowani.com\/?page_id=154#breadcrumb","itemListElement":[{"@type":"ListItem","position":1,"name":"Home","item":"https:\/\/fundacjazaopiekowani.com\/"},{"@type":"ListItem","position":2,"name":"Wesprzyj Nas"}]},{"@type":"WebSite","@id":"https:\/\/fundacjazaopiekowani.com\/#website","url":"https:\/\/fundacjazaopiekowani.com\/","name":"","description":"","potentialAction":[{"@type":"SearchAction","target":{"@type":"EntryPoint","urlTemplate":"https:\/\/fundacjazaopiekowani.com\/?s={search_term_string}"},"query-input":{"@type":"PropertyValueSpecification","valueRequired":true,"valueName":"search_term_string"}}],"inLanguage":"pl-PL"}]}},"_links":{"self":[{"href":"https:\/\/fundacjazaopiekowani.com\/index.php?rest_route=\/wp\/v2\/pages\/154","targetHints":{"allow":["GET"]}}],"collection":[{"href":"https:\/\/fundacjazaopiekowani.com\/index.php?rest_route=\/wp\/v2\/pages"}],"about":[{"href":"https:\/\/fundacjazaopiekowani.com\/index.php?rest_route=\/wp\/v2\/types\/page"}],"author":[{"embeddable":true,"href":"https:\/\/fundacjazaopiekowani.com\/index.php?rest_route=\/wp\/v2\/users\/1"}],"replies":[{"embeddable":true,"href":"https:\/\/fundacjazaopiekowani.com\/index.php?rest_route=%2Fwp%2Fv2%2Fcomments&post=154"}],"version-history":[{"count":1,"href":"https:\/\/fundacjazaopiekowani.com\/index.php?rest_route=\/wp\/v2\/pages\/154\/revisions"}],"predecessor-version":[{"id":155,"href":"https:\/\/fundacjazaopiekowani.com\/index.php?rest_route=\/wp\/v2\/pages\/154\/revisions\/155"}],"wp:featuredmedia":[{"embeddable":true,"href":"https:\/\/fundacjazaopiekowani.com\/index.php?rest_route=\/wp\/v2\/media\/11"}],"wp:attachment":[{"href":"https:\/\/fundacjazaopiekowani.com\/index.php?rest_route=%2Fwp%2Fv2%2Fmedia&parent=154"}],"curies":[{"name":"wp","href":"https:\/\/api.w.org\/{rel}","templated":true}]}}